{"id":90,"date":"2020-11-02T15:48:21","date_gmt":"2020-11-02T15:48:21","guid":{"rendered":"https:\/\/www.enprensa.org\/taboada\/wordpress\/?page_id=90"},"modified":"2022-09-05T15:56:21","modified_gmt":"2022-09-05T15:56:21","slug":"tu-terapeuta","status":"publish","type":"page","link":"https:\/\/www.enprensa.org\/taboada\/wordpress\/tu-terapeuta\/","title":{"rendered":"Tu terapeuta"},"content":{"rendered":"<p>[et_pb_section fb_built=\u00bb1&#8243; admin_label=\u00bbHero Section\u00bb _builder_version=\u00bb4.6.6&#8243; use_background_color_gradient=\u00bbon\u00bb background_color_gradient_start=\u00bbrgba(219,219,219,0.78)\u00bb background_color_gradient_end=\u00bbrgba(244,240,233,0)\u00bb background_color_gradient_direction=\u00bb79deg\u00bb background_color_gradient_start_position=\u00bb36%\u00bb background_color_gradient_end_position=\u00bb45%\u00bb background_color_gradient_overlays_image=\u00bbon\u00bb background_image=\u00bbhttps:\/\/www.enprensa.org\/taboada\/wordpress\/wp-content\/uploads\/2021\/02\/DSCF0649_4.jpg\u00bb background_position=\u00bbtop_left\u00bb custom_margin=\u00bb|||\u00bb custom_padding=\u00bb119px|0px|84px|0px|false|false\u00bb hover_enabled=\u00bb0&#8243; sticky_enabled=\u00bb0&#8243;][et_pb_row custom_padding_last_edited=\u00bboff|desktop\u00bb admin_label=\u00bbHero Area\u00bb _builder_version=\u00bb4.6.6&#8243; custom_padding=\u00bb27px|0px|0px|0px|false|false\u00bb][et_pb_column type=\u00bb4_4&#8243; _builder_version=\u00bb4.6.6&#8243; custom_padding=\u00bb||||false|false\u00bb custom_padding_tablet=\u00bb\u00bb custom_padding_phone=\u00bb\u00bb custom_padding_last_edited=\u00bbon|desktop\u00bb custom_padding__hover=\u00bb|||\u00bb][et_pb_text admin_label=\u00bbHero Title\u00bb _builder_version=\u00bb4.6.6&#8243; text_font=\u00bbPlayfair Display||||||||\u00bb text_text_color=\u00bb#00245b\u00bb text_line_height=\u00bb1.6em\u00bb header_font=\u00bbAlice||||||||\u00bb header_font_size=\u00bb80px\u00bb header_letter_spacing=\u00bb-3px\u00bb header_line_height=\u00bb1.1em\u00bb custom_margin=\u00bb||0px|\u00bb custom_padding=\u00bb|||\u00bb animation_style=\u00bbslide\u00bb animation_direction=\u00bbleft\u00bb animation_intensity_slide=\u00bb5%\u00bb animation_starting_opacity=\u00bb100%\u00bb text_font_size_last_edited=\u00bboff|desktop\u00bb header_font_size_tablet=\u00bb\u00bb header_font_size_phone=\u00bb60px\u00bb header_font_size_last_edited=\u00bbon|phone\u00bb]<\/p>\n<h1><span style=\"color: #243a5b;\">Gabriel <br \/><\/span><span style=\"color: #243a5b;\">Taboada<\/span><\/h1>\n<p>[\/et_pb_text][et_pb_text content_tablet=\u00bb\u00bb content_phone=\u00bb<\/p>\n<p><em>Fisoterapeuta y <\/em><em>Oste\u00f3pata<\/em><\/p>\n<p>\u00bb content_last_edited=\u00bbon|phone\u00bb _builder_version=\u00bb4.6.6&#8243; text_font=\u00bb||||||||\u00bb text_font_size=\u00bb18px\u00bb text_line_height=\u00bb0.8em\u00bb header_font=\u00bb||||||||\u00bb max_width=\u00bb500px\u00bb custom_margin=\u00bb|||\u00bb custom_padding=\u00bb||10px|\u00bb animation_style=\u00bbslide\u00bb animation_direction=\u00bbleft\u00bb animation_intensity_slide=\u00bb5%\u00bb animation_starting_opacity=\u00bb100%\u00bb]<\/p>\n<p><em>Fisoterapeuta. Universidad Ramon LLull, Barcelona<\/em><\/p>\n<p><em>Oste\u00f3pata. Escuela de Osteopat\u00eda de Barcelona<\/em><\/p>\n<p>[\/et_pb_text][\/et_pb_column][\/et_pb_row][\/et_pb_section][et_pb_section fb_built=\u00bb1&#8243; admin_label=\u00bbAbout Us Section\u00bb _builder_version=\u00bb4.6.6&#8243; background_color=\u00bb#f7f7f7&#8243; background_enable_image=\u00bboff\u00bb custom_padding=\u00bb28px||3px|||\u00bb][et_pb_row _builder_version=\u00bb4.6.6&#8243; _module_preset=\u00bbdefault\u00bb min_height=\u00bb44px\u00bb custom_margin=\u00bb-10px|auto||auto||\u00bb custom_padding=\u00bb8px||19px|||\u00bb][et_pb_column type=\u00bb4_4&#8243; _builder_version=\u00bb4.6.6&#8243; _module_preset=\u00bbdefault\u00bb][et_pb_toggle title=\u00bbGabriel Taboada Sauvage. CURRICULUM\u00bb open_toggle_background_color=\u00bb#f7f7f7&#8243; closed_toggle_background_color=\u00bb#f7f7f7&#8243; _builder_version=\u00bb4.6.6&#8243; _module_preset=\u00bbdefault\u00bb title_level=\u00bbh4&#8243; title_font=\u00bb||||on||||\u00bb title_text_align=\u00bbright\u00bb custom_margin=\u00bb-24px||-22px||false|false\u00bb title_text_align_tablet=\u00bb\u00bb title_text_align_phone=\u00bbleft\u00bb title_text_align_last_edited=\u00bbon|phone\u00bb border_width_all=\u00bb0px\u00bb]<\/p>\n<p><span><strong>Diplomado en Fisioterapia<\/strong> por la Universitat Ramon Llull 2001 &#8211; 2005<br \/> <\/span><span><strong>Oste\u00f3pata<\/strong> por la Escola Osteopatia Barcelona\u00a0 2006 &#8211; 2010<br \/> <\/span><span><strong>PsicoNeuroInmunolog\u00eda y Nutrici\u00f3n Ortomolecular<\/strong> por la Universitat de Barcelona\u00a0 2014 &#8211; 2015<br \/> <\/span><span><strong>Acupuntura para Fisioterapeutas<\/strong> por la Universitat Internacional de Catalunya\u00a0 2015_2017<\/span><\/p>\n<p><strong>Cusos y postgrados:<\/strong><\/p>\n<p><span>Postgrado \u00ab<em>Abordaje osteop\u00e1tico a la fascia<\/em>\u00bb &#8211; Serge Paoletti D.O 2012<br \/> <\/span><span>Postgrado \u00ab<em>Ginecolog\u00eda en 3 dimensiones &#8211; integraci\u00f3n visceral y musculoesquel\u00e9tica<\/em>\u00bb &#8211; Caroline Stone D.O 2013<br \/> <\/span><span>Postgrado \u00ab<em>Nuevo enfoque articular a la columna y pelvis<\/em>\u00bb &#8211; Jean Pierre Barral D.O 2013<br \/> <\/span><span>Postgrado \u00ab<em>Diagn\u00f3stico t\u00e9rmico manual y liberaci\u00f3n viscero-emocional<\/em>\u00bb &#8211; Jean Pierre Barral D.O 2014<br \/> <\/span><span>Postgrado \u00ab<em>Desarrollando nuestras habilidades en Osteopat\u00eda pedi\u00e1trica<\/em>\u00bb &#8211; Karen Carroll D.O 2014<br \/> <\/span><span>Ponencia \u00ab<em>El ni\u00f1o intranquilo: banderas rojas, diagn\u00f3stico diferencial y manejo osteop\u00e1tico<\/em>\u00bb &#8211; Karen Carroll D.O 2014<br \/> <\/span><span>Postgrado \u00ab<em>Abordaje osteop\u00e1tico al embarazo, parto y post-parto<\/em>\u00bb &#8211; David S\u00e1nchez D.O 2014<br \/> <\/span><span>Postgrado \u00ab<em>Osteopat\u00eda y cerebro en desarrollo<\/em>\u00bb &#8211; Ren\u00e9 Zweedijk 2014<br \/> <\/span><span>Postgrado \u00ab<em>Enfoque pedi\u00e1trico a los trastornos del sue\u00f1o<\/em>\u00bb &#8211; Kok Weng Lim 2015<br \/> <\/span><span>Postgrado \u00ab<em>Dysfonctions neuro-endocriniennes : Diagnostic et traitement ost\u00e9opathique<\/em>\u00ab- Nathalie Camirand 2015<br \/> <\/span><span>Postgrado \u00ab<em>Los cruces estrat\u00e9gicos del cuerpo<\/em>\u00bb &#8211;\u00a0 Jean Pierre Barral D.O 2015<br \/> <\/span><span>Postgrado \u00ab<em>Ansiedad y depresi\u00f3n; eje cerebro-intestino<\/em>\u00bb &#8211; Nathalie Camirand 2016<br \/> <\/span><span>Postgrado \u201c<em>Concept Structurel<\/em>\u201d &#8211; J. F. Terramorsi 2017-2018<br \/> <\/span><span>Seminario \u00ab<em>Acupuntura Tung<\/em>\u00bb &#8211; Julio Alonso 2014<br \/> <\/span><span>Postgrado \u00abT<em>erapia Manual y Punci\u00f3n Seca en el s\u00edndrome del dolor miofascial<\/em>\u00bb &#8211; Omphis Institute 2014<br \/> <\/span><span>Curso \u00ab<em>Mesoterapia Homeop\u00e1tica en el Tratamiento del Dolor para Fisioterapeutas\u00bb<\/em> &#8211; Daniel de la Vega 2016<br \/> <\/span><span>Postgrado \u00ab<em>PNI Clinica del Deporte<\/em>\u00bb &#8211; Leo Pruimboom \u200b2016<\/span><\/p>\n<p>[\/et_pb_toggle][\/et_pb_column][\/et_pb_row][\/et_pb_section][et_pb_section fb_built=\u00bb1&#8243; admin_label=\u00bbAbout Us Section\u00bb _builder_version=\u00bb3.22&#8243; custom_padding=\u00bb38px||0px|||\u00bb][et_pb_row admin_label=\u00bbAbout Us Area\u00bb _builder_version=\u00bb4.6.6&#8243; module_alignment=\u00bbcenter\u00bb custom_margin=\u00bb|||\u00bb custom_padding=\u00bb15px|0px|44px|0px|false|false\u00bb][et_pb_column type=\u00bb4_4&#8243; _builder_version=\u00bb3.25&#8243; custom_padding=\u00bb|||\u00bb custom_padding__hover=\u00bb|||\u00bb][et_pb_text _builder_version=\u00bb4.6.6&#8243; text_font=\u00bb||||||||\u00bb text_font_size=\u00bb16px\u00bb text_line_height=\u00bb1.8em\u00bb animation_style=\u00bbslide\u00bb animation_direction=\u00bbtop\u00bb animation_intensity_slide=\u00bb10%\u00bb animation_starting_opacity=\u00bb100%\u00bb]<\/p>\n<p style=\"text-align: center;\">Con 6 a\u00f1os tuve una fractura de codo que me tuvo apartado de algunos juegos de recreo durante una temporada. Tres inmovilizaciones y dos operaciones con sus respectivas rehabilitaciones.<\/p>\n<p style=\"text-align: center;\">Fue en el transcurso de esas rehabilitaciones que ocupaban durante casi dos a\u00f1os parte de mi tiempo (y el de mis padres) que descubr\u00ed la figura del fisioterapeuta. Siendo sincero, no es que aquello marcar\u00e1 una clara vocaci\u00f3n profesional, pero cuando m\u00e1s tarde decid\u00ed una carrera, los recuerdos de aquel fisioterapeuta vinieron a mi. <strong>El poder acompa\u00f1ar de t\u00fa a t\u00fa a las personas en algo tan importante como es su propia salud, que depositen su confianza y poder retornarles desde la escucha y el contacto algo que falta, <br \/>es lo que motiva mi trabajo d\u00eda a d\u00eda.<\/strong><\/p>\n<p>[\/et_pb_text][\/et_pb_column][\/et_pb_row][\/et_pb_section][et_pb_section fb_built=\u00bb1&#8243; admin_label=\u00bbHistory\u00bb _builder_version=\u00bb4.6.6&#8243; background_color=\u00bb#e7efef\u00bb use_background_color_gradient=\u00bbon\u00bb background_color_gradient_start=\u00bb#d5dee8&#8243; background_color_gradient_end=\u00bbrgba(213,222,232,0)\u00bb background_color_gradient_direction=\u00bb90deg\u00bb background_color_gradient_start_position=\u00bb30%\u00bb background_color_gradient_end_position=\u00bb71%\u00bb background_color_gradient_overlays_image=\u00bbon\u00bb background_image=\u00bbhttps:\/\/www.enprensa.org\/taboada\/wordpress\/wp-content\/uploads\/2020\/11\/IMG_1853-scaled.jpg\u00bb custom_padding=\u00bb5%|0px|5.6%|0px||\u00bb background_last_edited=\u00bbon|phone\u00bb background_color_gradient_direction_phone=\u00bb108deg\u00bb background_color_gradient_start_position_phone=\u00bb53%\u00bb][et_pb_row column_structure=\u00bb1_2,1_2&#8243; admin_label=\u00bbRow\u00bb _builder_version=\u00bb3.25&#8243;][et_pb_column type=\u00bb1_2&#8243; _builder_version=\u00bb3.25&#8243; custom_padding=\u00bb|||\u00bb custom_padding__hover=\u00bb|||\u00bb][et_pb_text admin_label=\u00bbTitle\u00bb _builder_version=\u00bb4.6.6&#8243; text_font=\u00bb||||||||\u00bb header_font=\u00bb||||||||\u00bb header_2_font=\u00bbAlice||||||||\u00bb header_2_font_size=\u00bb42px\u00bb header_2_line_height=\u00bb1.3em\u00bb custom_margin=\u00bb||20px|\u00bb animation_style=\u00bbslide\u00bb animation_direction=\u00bbtop\u00bb animation_intensity_slide=\u00bb30%\u00bb animation_starting_opacity=\u00bb100%\u00bb]<\/p>\n<h2 style=\"text-align: left;\">Un mirada integral<\/h2>\n<p>[\/et_pb_text][et_pb_text _builder_version=\u00bb4.6.6&#8243; text_font=\u00bb||||||||\u00bb text_font_size=\u00bb16px\u00bb text_line_height=\u00bb1.8em\u00bb header_font=\u00bb||||||||\u00bb header_2_font=\u00bbAlice||||||||\u00bb header_2_font_size=\u00bb60px\u00bb header_2_line_height=\u00bb1.3em\u00bb custom_padding=\u00bb|||\u00bb animation_style=\u00bbfold\u00bb animation_direction=\u00bbbottom\u00bb animation_starting_opacity=\u00bb100%\u00bb]<\/p>\n<p>A partir de ah\u00ed, todo ha sido un camino marcado por la inquietud de encontrar las herramientas que m\u00e1s me ayuden a ayudar. Y la <strong>Osteopat\u00eda<\/strong> ha sido mucho m\u00e1s que una herramienta, ha sido <strong>la pieza angular donde refundar todos mis conocimientos<\/strong>. Es el abordaje integral de la persona desde una perspectiva biomec\u00e1nica, fisiol\u00f3gica y emocional, con t\u00e9cnicas que son tan variadas que se pueden adaptar a todo tipo de pacientes de todas las edades. La formaci\u00f3n continua en osteopat\u00eda una vez los acabados los estudios, me ha dado la oportunidad de aprender de los mejores oste\u00f3patas mundiales. Agradecimientos especiales a Jean Pierre Barral, Nathalie Camirand y Jean Fran\u00e7ois Terramorsi, entre muchos m\u00e1s, que han dejado mucho sello en mi manera de hacer dentro de la consulta.<br \/> M\u00e1s adelante, la <strong>Psiconeuroinmunolog\u00eda<\/strong> y la <strong>Acupuntura<\/strong> a\u00f1adieron otros enfoques de relevante inter\u00e9s. Tambi\u00e9n el aprendizaje de t\u00e9cnicas como la <strong>Punci\u00f3n Seca<\/strong>, la <strong>Mesoterapia<\/strong> y el uso de <strong>ventosas<\/strong>, son parte importante de las soluciones terap\u00e9uticas a proponer.<\/p>\n<p>[\/et_pb_text][\/et_pb_column][et_pb_column type=\u00bb1_2&#8243; _builder_version=\u00bb3.25&#8243; custom_padding=\u00bb|||\u00bb custom_padding__hover=\u00bb|||\u00bb][\/et_pb_column][\/et_pb_row][\/et_pb_section][et_pb_section fb_built=\u00bb1&#8243; admin_label=\u00bbTeam Section\u00bb _builder_version=\u00bb4.6.6&#8243; background_color=\u00bb#f7f7f7&#8243; background_enable_image=\u00bboff\u00bb custom_padding=\u00bb90px||50px|\u00bb][et_pb_row admin_label=\u00bbTitle Area\u00bb _builder_version=\u00bb3.25&#8243; locked=\u00bboff\u00bb][et_pb_column type=\u00bb4_4&#8243; _builder_version=\u00bb3.25&#8243; custom_padding=\u00bb|||\u00bb custom_padding__hover=\u00bb|||\u00bb][et_pb_text admin_label=\u00bbTitle\u00bb _builder_version=\u00bb4.6.6&#8243; text_font=\u00bb||||||||\u00bb header_font=\u00bb||||||||\u00bb header_2_font=\u00bbAlice||||||||\u00bb header_2_text_align=\u00bbcenter\u00bb header_2_font_size=\u00bb42px\u00bb custom_margin=\u00bb||20px|\u00bb animation_style=\u00bbslide\u00bb animation_direction=\u00bbtop\u00bb animation_intensity_slide=\u00bb30%\u00bb animation_starting_opacity=\u00bb100%\u00bb]<\/p>\n<h2>El apredizaje es el camino<\/h2>\n<p>[\/et_pb_text][et_pb_divider color=\u00bb#2a2a2a\u00bb divider_weight=\u00bb3px\u00bb _builder_version=\u00bb3.2&#8243; max_width=\u00bb50px\u00bb module_alignment=\u00bbcenter\u00bb custom_margin=\u00bb||10px|\u00bb animation_style=\u00bbslide\u00bb animation_direction=\u00bbtop\u00bb animation_intensity_slide=\u00bb30%\u00bb animation_starting_opacity=\u00bb100%\u00bb][\/et_pb_divider][et_pb_text admin_label=\u00bbSubtitle\u00bb _builder_version=\u00bb3.27.4&#8243; text_font=\u00bb||||||||\u00bb text_font_size=\u00bb16px\u00bb text_line_height=\u00bb1.8em\u00bb text_orientation=\u00bbcenter\u00bb max_width=\u00bb700px\u00bb module_alignment=\u00bbcenter\u00bb animation_style=\u00bbslide\u00bb animation_direction=\u00bbtop\u00bb animation_intensity_slide=\u00bb20%\u00bb animation_starting_opacity=\u00bb100%\u00bb]<\/p>\n<p>\u00a0Abordar el cuerpo en su conjunto para tratar la lesi\u00f3n localizada es un camino que no tiene final, pues siempre hay que estar trabajando con el prop\u00f3sito de ayudar de la manera m\u00e1s efectiva a personas en situaciones dif\u00edciles. Es por ello que el aprendizaje no se acaba nunca: el aprendizaje es el camino.<\/p>\n<p>[\/et_pb_text][\/et_pb_column][\/et_pb_row][\/et_pb_section][et_pb_section fb_built=\u00bb1&#8243; custom_padding_last_edited=\u00bbon|phone\u00bb _builder_version=\u00bb4.6.6&#8243; _module_preset=\u00bbdefault\u00bb transform_scale_tablet=\u00bb\u00bb transform_scale_phone=\u00bb88%|88%\u00bb transform_scale_last_edited=\u00bbon|phone\u00bb transform_translate_tablet=\u00bb\u00bb transform_translate_phone=\u00bb\u00bb transform_translate_last_edited=\u00bbon|desktop\u00bb transform_rotate_tablet=\u00bb\u00bb transform_rotate_phone=\u00bb\u00bb transform_rotate_last_edited=\u00bbon|desktop\u00bb transform_skew_tablet=\u00bb\u00bb transform_skew_phone=\u00bb\u00bb transform_skew_last_edited=\u00bbon|desktop\u00bb transform_origin_tablet=\u00bb\u00bb transform_origin_phone=\u00bb\u00bb transform_origin_last_edited=\u00bbon|desktop\u00bb transform_styles_last_edited=\u00bbon|phone\u00bb custom_margin=\u00bb0px||0px||false|false\u00bb custom_margin_tablet=\u00bb\u00bb custom_margin_phone=\u00bb0px||0px||false|false\u00bb custom_margin_last_edited=\u00bbon|phone\u00bb custom_padding=\u00bb0px||0px||false|false\u00bb custom_padding_tablet=\u00bb\u00bb custom_padding_phone=\u00bb0px||0px||false|false\u00bb transform_styles_tablet=\u00bb\u00bb transform_styles_phone=\u00bb\u00bb locked=\u00bboff\u00bb][et_pb_row column_structure=\u00bb1_2,1_2&#8243; _builder_version=\u00bb4.6.6&#8243; _module_preset=\u00bbdefault\u00bb transform_scale=\u00bb90%|90%\u00bb transform_scale_tablet=\u00bb\u00bb transform_scale_phone=\u00bb\u00bb transform_scale_last_edited=\u00bbon|desktop\u00bb transform_translate_tablet=\u00bb\u00bb transform_translate_phone=\u00bb\u00bb transform_translate_last_edited=\u00bbon|desktop\u00bb transform_rotate_tablet=\u00bb\u00bb transform_rotate_phone=\u00bb\u00bb transform_rotate_last_edited=\u00bbon|desktop\u00bb transform_skew_tablet=\u00bb\u00bb transform_skew_phone=\u00bb\u00bb transform_skew_last_edited=\u00bbon|desktop\u00bb transform_origin_tablet=\u00bb\u00bb transform_origin_phone=\u00bb\u00bb transform_origin_last_edited=\u00bbon|desktop\u00bb transform_styles_last_edited=\u00bbon|desktop\u00bb custom_margin=\u00bb0px||0px||false|false\u00bb custom_padding=\u00bb0px||0px||false|false\u00bb transform_styles_tablet=\u00bb\u00bb transform_styles_phone=\u00bb\u00bb][et_pb_column type=\u00bb1_2&#8243; _builder_version=\u00bb4.6.6&#8243; _module_preset=\u00bbdefault\u00bb][et_pb_image src=\u00bbhttps:\/\/www.enprensa.org\/taboada\/wordpress\/wp-content\/uploads\/2020\/12\/colegits.jpg\u00bb title_text=\u00bbcolegits\u00bb _builder_version=\u00bb4.6.6&#8243; _module_preset=\u00bbdefault\u00bb][\/et_pb_image][\/et_pb_column][et_pb_column type=\u00bb1_2&#8243; _builder_version=\u00bb4.6.6&#8243; _module_preset=\u00bbdefault\u00bb][et_pb_image src=\u00bbhttps:\/\/www.enprensa.org\/taboada\/wordpress\/wp-content\/uploads\/2020\/12\/universitats.jpg\u00bb alt=\u00bbFisioterapeuta logo\u00bb title_text=\u00bbuniversitats\u00bb _builder_version=\u00bb4.6.6&#8243; _module_preset=\u00bbdefault\u00bb][\/et_pb_image][\/et_pb_column][\/et_pb_row][\/et_pb_section]<\/p>\n","protected":false},"excerpt":{"rendered":"<p>[et_pb_section fb_built=\u00bb1&#8243; admin_label=\u00bbHero Section\u00bb _builder_version=\u00bb4.6.6&#8243; use_background_color_gradient=\u00bbon\u00bb background_color_gradient_start=\u00bbrgba(219,219,219,0.78)\u00bb background_color_gradient_end=\u00bbrgba(244,240,233,0)\u00bb background_color_gradient_direction=\u00bb79deg\u00bb background_color_gradient_start_position=\u00bb36%\u00bb background_color_gradient_end_position=\u00bb45%\u00bb background_color_gradient_overlays_image=\u00bbon\u00bb background_image=\u00bbhttps:\/\/www.enprensa.org\/taboada\/wordpress\/wp-content\/uploads\/2021\/02\/DSCF0649_4.jpg\u00bb background_position=\u00bbtop_left\u00bb custom_margin=\u00bb|||\u00bb custom_padding=\u00bb119px|0px|84px|0px|false|false\u00bb hover_enabled=\u00bb0&#8243; sticky_enabled=\u00bb0&#8243;][et_pb_row custom_padding_last_edited=\u00bboff|desktop\u00bb admin_label=\u00bbHero Area\u00bb _builder_version=\u00bb4.6.6&#8243; custom_padding=\u00bb27px|0px|0px|0px|false|false\u00bb][et_pb_column type=\u00bb4_4&#8243; _builder_version=\u00bb4.6.6&#8243; custom_padding=\u00bb||||false|false\u00bb custom_padding_tablet=\u00bb\u00bb custom_padding_phone=\u00bb\u00bb custom_padding_last_edited=\u00bbon|desktop\u00bb custom_padding__hover=\u00bb|||\u00bb][et_pb_text admin_label=\u00bbHero Title\u00bb _builder_version=\u00bb4.6.6&#8243; text_font=\u00bbPlayfair Display||||||||\u00bb text_text_color=\u00bb#00245b\u00bb text_line_height=\u00bb1.6em\u00bb header_font=\u00bbAlice||||||||\u00bb header_font_size=\u00bb80px\u00bb header_letter_spacing=\u00bb-3px\u00bb header_line_height=\u00bb1.1em\u00bb custom_margin=\u00bb||0px|\u00bb custom_padding=\u00bb|||\u00bb animation_style=\u00bbslide\u00bb animation_direction=\u00bbleft\u00bb animation_intensity_slide=\u00bb5%\u00bb animation_starting_opacity=\u00bb100%\u00bb text_font_size_last_edited=\u00bboff|desktop\u00bb header_font_size_tablet=\u00bb\u00bb header_font_size_phone=\u00bb60px\u00bb header_font_size_last_edited=\u00bbon|phone\u00bb] Gabriel Taboada [\/et_pb_text][et_pb_text content_tablet=\u00bb\u00bb [&hellip;]<\/p>\n","protected":false},"author":1,"featured_media":0,"parent":0,"menu_order":0,"comment_status":"closed","ping_status":"closed","template":"","meta":{"_et_pb_use_builder":"on","_et_pb_old_content":"","_et_gb_content_width":"","_joinchat":[],"footnotes":""},"class_list":["post-90","page","type-page","status-publish","hentry"],"_links":{"self":[{"href":"https:\/\/www.enprensa.org\/taboada\/wordpress\/wp-json\/wp\/v2\/pages\/90","targetHints":{"allow":["GET"]}}],"collection":[{"href":"https:\/\/www.enprensa.org\/taboada\/wordpress\/wp-json\/wp\/v2\/pages"}],"about":[{"href":"https:\/\/www.enprensa.org\/taboada\/wordpress\/wp-json\/wp\/v2\/types\/page"}],"author":[{"embeddable":true,"href":"https:\/\/www.enprensa.org\/taboada\/wordpress\/wp-json\/wp\/v2\/users\/1"}],"replies":[{"embeddable":true,"href":"https:\/\/www.enprensa.org\/taboada\/wordpress\/wp-json\/wp\/v2\/comments?post=90"}],"version-history":[{"count":45,"href":"https:\/\/www.enprensa.org\/taboada\/wordpress\/wp-json\/wp\/v2\/pages\/90\/revisions"}],"predecessor-version":[{"id":1675,"href":"https:\/\/www.enprensa.org\/taboada\/wordpress\/wp-json\/wp\/v2\/pages\/90\/revisions\/1675"}],"wp:attachment":[{"href":"https:\/\/www.enprensa.org\/taboada\/wordpress\/wp-json\/wp\/v2\/media?parent=90"}],"curies":[{"name":"wp","href":"https:\/\/api.w.org\/{rel}","templated":true}]}}